{"id":269,"date":"2025-12-09T20:36:14","date_gmt":"2025-12-09T20:36:14","guid":{"rendered":"https:\/\/cdaprado.com\/nuevo_sitio_cda_pruebas\/?page_id=269"},"modified":"2026-02-16T15:31:19","modified_gmt":"2026-02-16T15:31:19","slug":"noticias","status":"publish","type":"page","link":"https:\/\/cdaprado.com\/nuevo_sitio_cda_pruebas\/noticias\/","title":{"rendered":"Noticias"},"content":{"rendered":"\t\t<div data-elementor-type=\"wp-page\" data-elementor-id=\"269\" class=\"elementor elementor-269\">\n\t\t\t\t<div class=\"elementor-element elementor-element-7b3673e e-flex e-con-boxed e-con e-parent\" data-id=\"7b3673e\" data-element_type=\"container\" data-e-type=\"container\">\n\t\t\t\t\t<div class=\"e-con-inner\">\n\t\t\t\t<div class=\"elementor-element elementor-element-be48797 elementor-invisible elementor-widget elementor-widget-heading\" data-id=\"be48797\" data-element_type=\"widget\" data-e-type=\"widget\" data-settings=\"{&quot;_animation&quot;:&quot;fadeInLeft&quot;}\" data-widget_type=\"heading.default\">\n\t\t\t\t\t<h2 class=\"elementor-heading-title elementor-size-default\">Noticias<\/h2>\t\t\t\t<\/div>\n\t\t<div class=\"elementor-element elementor-element-6ca0f4e e-con-full e-flex elementor-invisible e-con e-child\" data-id=\"6ca0f4e\" data-element_type=\"container\" data-e-type=\"container\" data-settings=\"{&quot;animation&quot;:&quot;fadeInLeft&quot;}\">\n\t\t\t\t<div class=\"elementor-element elementor-element-ccc87b6 novedades-cards elementor-widget elementor-widget-tp-blog-listout\" data-id=\"ccc87b6\" data-element_type=\"widget\" data-e-type=\"widget\" data-widget_type=\"tp-blog-listout.default\">\n\t\t\t\t\t<div id=\"pt-plus-blog-post-list\" class=\"blog-list post6a072f5ad00d1  list-isotope  blog-style-1 hover-image-style-1 \"  data-layout-type=\"fitRows\"   data-id=\"post6a072f5ad00d1\" data-style=\"style-1\"  data-enable-isotope=\"1\"><div id=\"post6a072f5ad00d1\" class=\"tp-row post-inner-loop post6a072f5ad00d1 \"><div class=\"grid-item metro-item tp-col-lg-3 tp-col-md-6 tp-col-sm-12 tp-col-12 \"><article id=\"post-1\" class=\"post-1 post type-post status-publish format-standard has-post-thumbnail hentry category-novedades\">\n\t<div class=\"blog-list-content\">\n\t\t\t\t<div class=\"post-content-image\">\n\t\t\t<a href=\"https:\/\/cdaprado.com\/nuevo_sitio_cda_pruebas\/novedades\/cambio-de-tarifa\/\">\n\t\t\t\t<div class=\"blog-featured-image\">\n<span class=\"thumb-wrap\">\n\t<img fetchpriority=\"high\" decoding=\"async\" width=\"700\" height=\"565\" src=\"https:\/\/cdaprado.com\/nuevo_sitio_cda_pruebas\/wp-content\/uploads\/2023\/11\/taximetro-700x565.jpg\" class=\"attachment-tp-image-grid size-tp-image-grid\" alt=\"\" \/><\/span>\n<\/div>\t\t\t<\/a>\n\t\t<\/div>\n\t\t\t\t<div class=\"post-content-bottom\">\n\t\t\t\t\t\t\t<div class=\"post-meta-info style-1\">\n\t\t\t\t\t<span class=\"meta-date\"><a href=\"https:\/\/cdaprado.com\/nuevo_sitio_cda_pruebas\/novedades\/cambio-de-tarifa\/\"><span class=\"entry-date\">noviembre 30, 2023<\/span><\/a><\/span>\n<\/a><\/span>\n\t\t\t\t\t<span>|<\/span> <span class=\"post-author\">\n\t\t\t\t\t\tBy  \n\t\t\t\t\t\t<a href=\"https:\/\/cdaprado.com\/nuevo_sitio_cda_pruebas\/author\/admin\/\" rel=\"author\" class=\"fn\">\n\t\t\t\t\t\tadmin\t\t\t<\/a><\/span>\n\t\t\t\t<\/div>\n\t\t\t\t<h3 class=\"post-title\">\n\t<a href=\"https:\/\/cdaprado.com\/nuevo_sitio_cda_pruebas\/novedades\/cambio-de-tarifa\/\">Cambio de tarifa<\/a>\n<\/h3>\n\t\t\t<div class=\"post-hover-content\">\n\t\t\t\t\n<div class=\"entry-content\">\n\t<p>Cambio de tarifa Conductor de Taxi, realiza de forma f\u00e1cil, \u00e1gil y segura el\u00a0cambio de tarifa\u00a0en el\u00a0CDA PRADO\u00a0a partir del 29 de noviembre de 2023.<\/p>\n<\/div>\n\t\t\t<\/div>\n\t\t<\/div>\n\t\t\t<\/div>\n<\/article>\n<\/div><div class=\"grid-item metro-item tp-col-lg-3 tp-col-md-6 tp-col-sm-12 tp-col-12 \"><article id=\"post-699\" class=\"post-699 post type-post status-publish format-standard has-post-thumbnail hentry category-novedades\">\n\t<div class=\"blog-list-content\">\n\t\t\t\t<div class=\"post-content-image\">\n\t\t\t<a href=\"https:\/\/cdaprado.com\/nuevo_sitio_cda_pruebas\/novedades\/ahora-la-primera-revision-tecnico-mecanica-es-a-partir-de-los-5-anos\/\">\n\t\t\t\t<div class=\"blog-featured-image\">\n<span class=\"thumb-wrap\">\n\t<img decoding=\"async\" width=\"1\" height=\"1\" src=\"https:\/\/cdaprado.com\/nuevo_sitio_cda_pruebas\/wp-content\/uploads\/2023\/06\/2.jpg\" class=\"attachment-tp-image-grid size-tp-image-grid\" alt=\"\" \/><\/span>\n<\/div>\t\t\t<\/a>\n\t\t<\/div>\n\t\t\t\t<div class=\"post-content-bottom\">\n\t\t\t\t\t\t\t<div class=\"post-meta-info style-1\">\n\t\t\t\t\t<span class=\"meta-date\"><a href=\"https:\/\/cdaprado.com\/nuevo_sitio_cda_pruebas\/novedades\/ahora-la-primera-revision-tecnico-mecanica-es-a-partir-de-los-5-anos\/\"><span class=\"entry-date\">junio 6, 2023<\/span><\/a><\/span>\n<\/a><\/span>\n\t\t\t\t\t<span>|<\/span> <span class=\"post-author\">\n\t\t\t\t\t\tBy  \n\t\t\t\t\t\t<a href=\"https:\/\/cdaprado.com\/nuevo_sitio_cda_pruebas\/author\/admin\/\" rel=\"author\" class=\"fn\">\n\t\t\t\t\t\tadmin\t\t\t<\/a><\/span>\n\t\t\t\t<\/div>\n\t\t\t\t<h3 class=\"post-title\">\n\t<a href=\"https:\/\/cdaprado.com\/nuevo_sitio_cda_pruebas\/novedades\/ahora-la-primera-revision-tecnico-mecanica-es-a-partir-de-los-5-anos\/\">Ahora, la primera Revisi\u00f3n T\u00e9cnico-Mec\u00e1nica es a partir de los 5 a\u00f1os<\/a>\n<\/h3>\n\t\t\t<div class=\"post-hover-content\">\n\t\t\t\t\n<div class=\"entry-content\">\n\t<p>Ahora, la primera RTM es a partir de los 5 a\u00f1os Ahora la primera Revisio\u0301n Te\u0301cnico \u2013 Meca\u0301nica es a partir de los\u00a05 an\u0303os de la fecha de expedicio\u0301n...<\/p>\n<\/div>\n\t\t\t<\/div>\n\t\t<\/div>\n\t\t\t<\/div>\n<\/article>\n<\/div><div class=\"grid-item metro-item tp-col-lg-3 tp-col-md-6 tp-col-sm-12 tp-col-12 \"><article id=\"post-712\" class=\"post-712 post type-post status-publish format-standard has-post-thumbnail hentry category-novedades\">\n\t<div class=\"blog-list-content\">\n\t\t\t\t<div class=\"post-content-image\">\n\t\t\t<a href=\"https:\/\/cdaprado.com\/nuevo_sitio_cda_pruebas\/novedades\/sistema-de-vigilancia-y-control-sicov\/\">\n\t\t\t\t<div class=\"blog-featured-image\">\n<span class=\"thumb-wrap\">\n\t<img decoding=\"async\" width=\"700\" height=\"700\" src=\"https:\/\/cdaprado.com\/nuevo_sitio_cda_pruebas\/wp-content\/uploads\/2017\/10\/3-700x700.jpg\" class=\"attachment-tp-image-grid size-tp-image-grid\" alt=\"\" \/><\/span>\n<\/div>\t\t\t<\/a>\n\t\t<\/div>\n\t\t\t\t<div class=\"post-content-bottom\">\n\t\t\t\t\t\t\t<div class=\"post-meta-info style-1\">\n\t\t\t\t\t<span class=\"meta-date\"><a href=\"https:\/\/cdaprado.com\/nuevo_sitio_cda_pruebas\/novedades\/sistema-de-vigilancia-y-control-sicov\/\"><span class=\"entry-date\">octubre 10, 2017<\/span><\/a><\/span>\n<\/a><\/span>\n\t\t\t\t\t<span>|<\/span> <span class=\"post-author\">\n\t\t\t\t\t\tBy  \n\t\t\t\t\t\t<a href=\"https:\/\/cdaprado.com\/nuevo_sitio_cda_pruebas\/author\/admin\/\" rel=\"author\" class=\"fn\">\n\t\t\t\t\t\tadmin\t\t\t<\/a><\/span>\n\t\t\t\t<\/div>\n\t\t\t\t<h3 class=\"post-title\">\n\t<a href=\"https:\/\/cdaprado.com\/nuevo_sitio_cda_pruebas\/novedades\/sistema-de-vigilancia-y-control-sicov\/\">Sistema de Vigilancia y Control SICOV<\/a>\n<\/h3>\n\t\t\t<div class=\"post-hover-content\">\n\t\t\t\t\n<div class=\"entry-content\">\n\t<p>Sistema de Vigilancia y Control SICOV Desde el pasado 22 de Agosto de 2016, est\u00e1 operando el Sistema de Control y Vigilancia SICOV, estipulado por el Gobierno Nacional, en...<\/p>\n<\/div>\n\t\t\t<\/div>\n\t\t<\/div>\n\t\t\t<\/div>\n<\/article>\n<\/div><div class=\"grid-item metro-item tp-col-lg-3 tp-col-md-6 tp-col-sm-12 tp-col-12 \"><article id=\"post-706\" class=\"post-706 post type-post status-publish format-standard has-post-thumbnail hentry category-novedades\">\n\t<div class=\"blog-list-content\">\n\t\t\t\t<div class=\"post-content-image\">\n\t\t\t<a href=\"https:\/\/cdaprado.com\/nuevo_sitio_cda_pruebas\/novedades\/vehiculos-que-deben-realizar-la-prueba-tecnico-mecanica\/\">\n\t\t\t\t<div class=\"blog-featured-image\">\n<span class=\"thumb-wrap\">\n\t<img loading=\"lazy\" decoding=\"async\" width=\"700\" height=\"700\" src=\"https:\/\/cdaprado.com\/nuevo_sitio_cda_pruebas\/wp-content\/uploads\/2017\/10\/7-700x700.jpg\" class=\"attachment-tp-image-grid size-tp-image-grid\" alt=\"\" \/><\/span>\n<\/div>\t\t\t<\/a>\n\t\t<\/div>\n\t\t\t\t<div class=\"post-content-bottom\">\n\t\t\t\t\t\t\t<div class=\"post-meta-info style-1\">\n\t\t\t\t\t<span class=\"meta-date\"><a href=\"https:\/\/cdaprado.com\/nuevo_sitio_cda_pruebas\/novedades\/vehiculos-que-deben-realizar-la-prueba-tecnico-mecanica\/\"><span class=\"entry-date\">octubre 10, 2017<\/span><\/a><\/span>\n<\/a><\/span>\n\t\t\t\t\t<span>|<\/span> <span class=\"post-author\">\n\t\t\t\t\t\tBy  \n\t\t\t\t\t\t<a href=\"https:\/\/cdaprado.com\/nuevo_sitio_cda_pruebas\/author\/admin\/\" rel=\"author\" class=\"fn\">\n\t\t\t\t\t\tadmin\t\t\t<\/a><\/span>\n\t\t\t\t<\/div>\n\t\t\t\t<h3 class=\"post-title\">\n\t<a href=\"https:\/\/cdaprado.com\/nuevo_sitio_cda_pruebas\/novedades\/vehiculos-que-deben-realizar-la-prueba-tecnico-mecanica\/\">Veh\u00edculos que deben realizar la prueba T\u00e9cnico-Mec\u00e1nica<\/a>\n<\/h3>\n\t\t\t<div class=\"post-hover-content\">\n\t\t\t\t\n<div class=\"entry-content\">\n\t<p>Veh\u00edculos que deben realizar la prueba T\u00e9cnico &#8211; Mec\u00e1nica Los veh\u00edculos nuevos de servicio particular diferentes a motocicletas y similares, se someter\u00e1n a la primera revisi\u00f3n T\u00e9cnico-mec\u00e1nica y de...<\/p>\n<\/div>\n\t\t\t<\/div>\n\t\t<\/div>\n\t\t\t<\/div>\n<\/article>\n<\/div><\/div><\/div>\t\t\t\t<\/div>\n\t\t\t\t<\/div>\n\t\t\t\t\t<\/div>\n\t\t\t\t<\/div>\n\t\t\t\t<\/div>\n\t\t","protected":false},"excerpt":{"rendered":"<p>Noticias noviembre 30, 2023 | By admin Cambio de tarifa Cambio de tarifa Conductor de Taxi, realiza de forma f\u00e1cil, \u00e1gil y segura el\u00a0cambio de tarifa\u00a0en el\u00a0CDA PRADO\u00a0a partir del 29 de noviembre de 2023. junio 6, 2023 | By admin Ahora, la primera Revisi\u00f3n T\u00e9cnico-Mec\u00e1nica es a partir de los 5 a\u00f1os Ahora, la [&hellip;]<\/p>\n","protected":false},"author":1,"featured_media":0,"parent":0,"menu_order":0,"comment_status":"closed","ping_status":"closed","template":"","meta":{"footnotes":""},"class_list":["post-269","page","type-page","status-publish","hentry"],"_links":{"self":[{"href":"https:\/\/cdaprado.com\/nuevo_sitio_cda_pruebas\/wp-json\/wp\/v2\/pages\/269","targetHints":{"allow":["GET"]}}],"collection":[{"href":"https:\/\/cdaprado.com\/nuevo_sitio_cda_pruebas\/wp-json\/wp\/v2\/pages"}],"about":[{"href":"https:\/\/cdaprado.com\/nuevo_sitio_cda_pruebas\/wp-json\/wp\/v2\/types\/page"}],"author":[{"embeddable":true,"href":"https:\/\/cdaprado.com\/nuevo_sitio_cda_pruebas\/wp-json\/wp\/v2\/users\/1"}],"replies":[{"embeddable":true,"href":"https:\/\/cdaprado.com\/nuevo_sitio_cda_pruebas\/wp-json\/wp\/v2\/comments?post=269"}],"version-history":[{"count":75,"href":"https:\/\/cdaprado.com\/nuevo_sitio_cda_pruebas\/wp-json\/wp\/v2\/pages\/269\/revisions"}],"predecessor-version":[{"id":1862,"href":"https:\/\/cdaprado.com\/nuevo_sitio_cda_pruebas\/wp-json\/wp\/v2\/pages\/269\/revisions\/1862"}],"wp:attachment":[{"href":"https:\/\/cdaprado.com\/nuevo_sitio_cda_pruebas\/wp-json\/wp\/v2\/media?parent=269"}],"curies":[{"name":"wp","href":"https:\/\/api.w.org\/{rel}","templated":true}]}}