{"id":7,"date":"2025-12-09T20:31:11","date_gmt":"2025-12-09T20:31:11","guid":{"rendered":"https:\/\/cdaprado.com\/nuevo_sitio_cda_pruebas\/?page_id=7"},"modified":"2026-02-16T15:28:58","modified_gmt":"2026-02-16T15:28:58","slug":"preguntas-frecuentes","status":"publish","type":"page","link":"https:\/\/cdaprado.com\/nuevo_sitio_cda_pruebas\/preguntas-frecuentes\/","title":{"rendered":"Preguntas frecuentes"},"content":{"rendered":"\t\t<div data-elementor-type=\"wp-post\" data-elementor-id=\"7\" class=\"elementor elementor-7\">\n\t\t\t\t<div class=\"elementor-element elementor-element-9e93d4f e-flex e-con-boxed e-con e-parent\" data-id=\"9e93d4f\" data-element_type=\"container\" data-e-type=\"container\">\n\t\t\t\t\t<div class=\"e-con-inner\">\n\t\t\t\t<div class=\"elementor-element elementor-element-602da67 elementor-invisible elementor-widget elementor-widget-heading\" data-id=\"602da67\" data-element_type=\"widget\" data-e-type=\"widget\" data-settings=\"{&quot;_animation&quot;:&quot;fadeInLeft&quot;,&quot;_animation_tablet&quot;:&quot;fadeInLeft&quot;,&quot;_animation_mobile&quot;:&quot;fadeInLeft&quot;}\" data-widget_type=\"heading.default\">\n\t\t\t\t\t<h2 class=\"elementor-heading-title elementor-size-default\">Preguntas frecuentes<\/h2>\t\t\t\t<\/div>\n\t\t<div class=\"elementor-element elementor-element-5a77974 e-con-full e-flex elementor-invisible e-con e-child\" data-id=\"5a77974\" data-element_type=\"container\" data-e-type=\"container\" data-settings=\"{&quot;animation&quot;:&quot;fadeInLeft&quot;,&quot;animation_tablet&quot;:&quot;fadeInLeft&quot;}\">\n\t\t\t\t<div class=\"elementor-element elementor-element-3df8940 elementor-widget__width-initial elementor-widget-tablet__width-inherit elementor-widget elementor-widget-toggle\" data-id=\"3df8940\" data-element_type=\"widget\" data-e-type=\"widget\" data-settings=\"{&quot;_animation_tablet&quot;:&quot;fadeInLeft&quot;,&quot;_animation_mobile&quot;:&quot;fadeInLeft&quot;}\" data-widget_type=\"toggle.default\">\n\t\t\t\t\t\t\t<div class=\"elementor-toggle\">\n\t\t\t\t\t\t\t<div class=\"elementor-toggle-item\">\n\t\t\t\t\t<h4 id=\"elementor-tab-title-6491\" class=\"elementor-tab-title\" data-tab=\"1\" role=\"button\" aria-controls=\"elementor-tab-content-6491\" aria-expanded=\"false\">\n\t\t\t\t\t\t\t\t\t\t\t\t<a class=\"elementor-toggle-title\" tabindex=\"0\">\u00bfEn qu\u00e9 consiste la Revisi\u00f3n T\u00e9cnico Mec\u00e1nica de un veh\u00edculo?<\/a>\n\t\t\t\t\t<\/h4>\n\n\t\t\t\t\t<div id=\"elementor-tab-content-6491\" class=\"elementor-tab-content elementor-clearfix\" data-tab=\"1\" role=\"region\" aria-labelledby=\"elementor-tab-title-6491\"><div id=\"ui-id-2\" class=\"mkdf-accordion-content ui-accordion-content ui-corner-bottom ui-helper-reset ui-widget-content ui-accordion-content-active\" role=\"tabpanel\" aria-labelledby=\"ui-id-1\" aria-hidden=\"false\"><div class=\"mkdf-accordion-content-inner\"><div class=\"wpb_text_column wpb_content_element\"><div class=\"wpb_wrapper\"><p>Es un procedimiento obligatorio que exigen las autoridades de tr\u00e1nsito y ambientales para conocer el estado de los veh\u00edculos que circulan por el pa\u00eds y que cumplan las condiciones mec\u00e1nicas y ambientales \u00f3ptimas que minimicen los riesgos de accidentes y la contaminaci\u00f3n ambiental.<\/p><\/div><\/div><\/div><\/div><\/div>\n\t\t\t\t<\/div>\n\t\t\t\t\t\t\t<div class=\"elementor-toggle-item\">\n\t\t\t\t\t<h4 id=\"elementor-tab-title-6492\" class=\"elementor-tab-title\" data-tab=\"2\" role=\"button\" aria-controls=\"elementor-tab-content-6492\" aria-expanded=\"false\">\n\t\t\t\t\t\t\t\t\t\t\t\t<a class=\"elementor-toggle-title\" tabindex=\"0\">\u00bfCu\u00e1l es la ley que rige este procedimiento?<\/a>\n\t\t\t\t\t<\/h4>\n\n\t\t\t\t\t<div id=\"elementor-tab-content-6492\" class=\"elementor-tab-content elementor-clearfix\" data-tab=\"2\" role=\"region\" aria-labelledby=\"elementor-tab-title-6492\"><div id=\"ui-id-4\" class=\"mkdf-accordion-content ui-accordion-content ui-corner-bottom ui-helper-reset ui-widget-content ui-accordion-content-active\" role=\"tabpanel\" aria-labelledby=\"ui-id-3\" aria-hidden=\"false\"><div class=\"mkdf-accordion-content-inner\"><div class=\"wpb_text_column wpb_content_element\"><div class=\"wpb_wrapper\"><p>La ley 769 de 2002 (C\u00f3digo Nacional de Tr\u00e1nsito) en sus art\u00edculos 28 y 50, 51, 52, 53 y 54 y la resoluci\u00f3n 3500 de 2005 y sus modificaciones de los Ministerios de Medio Ambiente y Transporte.<\/p><\/div><\/div><\/div><\/div><\/div>\n\t\t\t\t<\/div>\n\t\t\t\t\t\t\t<div class=\"elementor-toggle-item\">\n\t\t\t\t\t<h4 id=\"elementor-tab-title-6493\" class=\"elementor-tab-title\" data-tab=\"3\" role=\"button\" aria-controls=\"elementor-tab-content-6493\" aria-expanded=\"false\">\n\t\t\t\t\t\t\t\t\t\t\t\t<a class=\"elementor-toggle-title\" tabindex=\"0\">\u00bfQu\u00e9 tipo de veh\u00edculos deben realizar la RTM y EC? <\/a>\n\t\t\t\t\t<\/h4>\n\n\t\t\t\t\t<div id=\"elementor-tab-content-6493\" class=\"elementor-tab-content elementor-clearfix\" data-tab=\"3\" role=\"region\" aria-labelledby=\"elementor-tab-title-6493\"><div id=\"ui-id-6\" class=\"mkdf-accordion-content ui-accordion-content ui-corner-bottom ui-helper-reset ui-widget-content ui-accordion-content-active\" role=\"tabpanel\" aria-labelledby=\"ui-id-5\" aria-hidden=\"false\"><div class=\"mkdf-accordion-content-inner\"><div class=\"wpb_text_column wpb_content_element\"><div class=\"wpb_wrapper\"><p>Todos los veh\u00edculos particulares, de servicio p\u00fablico y motocicletas que transiten por las calles y carreteras colombianas.<\/p><\/div><\/div><\/div><\/div><\/div>\n\t\t\t\t<\/div>\n\t\t\t\t\t\t\t<div class=\"elementor-toggle-item\">\n\t\t\t\t\t<h4 id=\"elementor-tab-title-6494\" class=\"elementor-tab-title\" data-tab=\"4\" role=\"button\" aria-controls=\"elementor-tab-content-6494\" aria-expanded=\"false\">\n\t\t\t\t\t\t\t\t\t\t\t\t<a class=\"elementor-toggle-title\" tabindex=\"0\">\u00bfY los propietarios de los veh\u00edculos con placas extranjeras que visitan el pa\u00eds, qu\u00e9 deben hacer?<\/a>\n\t\t\t\t\t<\/h4>\n\n\t\t\t\t\t<div id=\"elementor-tab-content-6494\" class=\"elementor-tab-content elementor-clearfix\" data-tab=\"4\" role=\"region\" aria-labelledby=\"elementor-tab-title-6494\"><div id=\"ui-id-8\" class=\"mkdf-accordion-content ui-accordion-content ui-corner-bottom ui-helper-reset ui-widget-content ui-accordion-content-active\" role=\"tabpanel\" aria-labelledby=\"ui-id-7\" aria-hidden=\"false\"><div class=\"mkdf-accordion-content-inner\"><div class=\"wpb_text_column wpb_content_element\"><div class=\"wpb_wrapper\"><p>Despu\u00e9s de pasados tres meses consecutivos de estad\u00eda en Colombia, debe someterse a la RTMyEC.<\/p><\/div><\/div><\/div><\/div><\/div>\n\t\t\t\t<\/div>\n\t\t\t\t\t\t\t<div class=\"elementor-toggle-item\">\n\t\t\t\t\t<h4 id=\"elementor-tab-title-6495\" class=\"elementor-tab-title\" data-tab=\"5\" role=\"button\" aria-controls=\"elementor-tab-content-6495\" aria-expanded=\"false\">\n\t\t\t\t\t\t\t\t\t\t\t\t<a class=\"elementor-toggle-title\" tabindex=\"0\">\u00bfQu\u00e9 eval\u00faan en la Revisi\u00f3n T\u00e9cnico Mec\u00e1nica de un veh\u00edculo?<\/a>\n\t\t\t\t\t<\/h4>\n\n\t\t\t\t\t<div id=\"elementor-tab-content-6495\" class=\"elementor-tab-content elementor-clearfix\" data-tab=\"5\" role=\"region\" aria-labelledby=\"elementor-tab-title-6495\"><p>En este diagn\u00f3stico se verifican los siguientes conceptos:<\/p><ul><li>El adecuado estado de la carrocer\u00eda.<\/li><li>Niveles de emisi\u00f3n de gases y elementos contaminantes acordes con la legislaci\u00f3n vigente sobre la materia.<\/li><li>El buen funcionamiento del sistema mec\u00e1nico.<\/li><li>Funcionamiento adecuado del sistema el\u00e9ctrico y del conjunto \u00f3ptico.<\/li><li>Eficiencia del sistema de combusti\u00f3n interno.<\/li><li>Elementos de seguridad.<\/li><li>Buen estado del sistema de frenos.<\/li><li>Las llantas del veh\u00edculo.<\/li><li>Del funcionamiento de los sistemas y elementos de emergencia.<\/li><li>Del buen funcionamiento de los dispositivos utilizados para el cobro en la prestaci\u00f3n del servicio p\u00fablico.<\/li><\/ul><\/div>\n\t\t\t\t<\/div>\n\t\t\t\t\t\t\t<div class=\"elementor-toggle-item\">\n\t\t\t\t\t<h4 id=\"elementor-tab-title-6496\" class=\"elementor-tab-title\" data-tab=\"6\" role=\"button\" aria-controls=\"elementor-tab-content-6496\" aria-expanded=\"false\">\n\t\t\t\t\t\t\t\t\t\t\t\t<a class=\"elementor-toggle-title\" tabindex=\"0\">\u00bfQu\u00e9 se eval\u00faa en la prueba de emisi\u00f3n de gases contaminantes?<\/a>\n\t\t\t\t\t<\/h4>\n\n\t\t\t\t\t<div id=\"elementor-tab-content-6496\" class=\"elementor-tab-content elementor-clearfix\" data-tab=\"6\" role=\"region\" aria-labelledby=\"elementor-tab-title-6496\"><div id=\"ui-id-12\" class=\"mkdf-accordion-content ui-accordion-content ui-corner-bottom ui-helper-reset ui-widget-content ui-accordion-content-active\" role=\"tabpanel\" aria-labelledby=\"ui-id-11\" aria-hidden=\"false\"><div class=\"mkdf-accordion-content-inner\"><div class=\"wpb_text_column wpb_content_element\"><div class=\"wpb_wrapper\"><p>Se mide si el automotor cumple con las normas de emisiones contaminantes que establecen las autoridades ambientales del pa\u00eds en cuanto a Mon\u00f3xidos de Carbono e hidrocarburos, as\u00ed como el porcentaje de opacidad en los veh\u00edculos Di\u00e9sel.<\/p><\/div><\/div><\/div><\/div><\/div>\n\t\t\t\t<\/div>\n\t\t\t\t\t\t\t<div class=\"elementor-toggle-item\">\n\t\t\t\t\t<h4 id=\"elementor-tab-title-6497\" class=\"elementor-tab-title\" data-tab=\"7\" role=\"button\" aria-controls=\"elementor-tab-content-6497\" aria-expanded=\"false\">\n\t\t\t\t\t\t\t\t\t\t\t\t<a class=\"elementor-toggle-title\" tabindex=\"0\">\u00bfUn veh\u00edculo nuevo (0 KMS) cuando realiza la primera Revisi\u00f3n T\u00e9cnico Mec\u00e1nica y de gases contaminantes?<\/a>\n\t\t\t\t\t<\/h4>\n\n\t\t\t\t\t<div id=\"elementor-tab-content-6497\" class=\"elementor-tab-content elementor-clearfix\" data-tab=\"7\" role=\"region\" aria-labelledby=\"elementor-tab-title-6497\"><div id=\"ui-id-14\" class=\"mkdf-accordion-content ui-accordion-content ui-corner-bottom ui-helper-reset ui-widget-content ui-accordion-content-active\" role=\"tabpanel\" aria-labelledby=\"ui-id-13\" aria-hidden=\"false\"><div class=\"mkdf-accordion-content-inner\"><div class=\"wpb_text_column wpb_content_element\"><div class=\"wpb_wrapper\"><p>Seg\u00fan el decreto 019 del 10 de Enero de 2012, los veh\u00edculos nuevos de servicio particular diferentes de motocicletas y similares, se someter\u00e1n a la primera revisi\u00f3n t\u00e9cnico mec\u00e1nica y de emisiones contaminantes a partir del sexto a\u00f1o contado a partir de la fecha de su matr\u00edcula. Los veh\u00edculos nuevos de servicio p\u00fablico, as\u00ed como motocicletas y similares, se someter\u00e1n a la primera revisi\u00f3n t\u00e9cnica mec\u00e1nica y de emisiones contaminantes al cumplir dos a\u00f1os contados a partir de su fecha de matr\u00edcula.<\/p><\/div><\/div><\/div><\/div><\/div>\n\t\t\t\t<\/div>\n\t\t\t\t\t\t\t<div class=\"elementor-toggle-item\">\n\t\t\t\t\t<h4 id=\"elementor-tab-title-6498\" class=\"elementor-tab-title\" data-tab=\"8\" role=\"button\" aria-controls=\"elementor-tab-content-6498\" aria-expanded=\"false\">\n\t\t\t\t\t\t\t\t\t\t\t\t<a class=\"elementor-toggle-title\" tabindex=\"0\">\u00bfEn d\u00f3nde puedo realizar la Revisi\u00f3n T\u00e9cnico Mec\u00e1nica y de emisiones contaminantes de un veh\u00edculo?<\/a>\n\t\t\t\t\t<\/h4>\n\n\t\t\t\t\t<div id=\"elementor-tab-content-6498\" class=\"elementor-tab-content elementor-clearfix\" data-tab=\"8\" role=\"region\" aria-labelledby=\"elementor-tab-title-6498\"><div id=\"ui-id-16\" class=\"mkdf-accordion-content ui-accordion-content ui-corner-bottom ui-helper-reset ui-widget-content ui-accordion-content-active\" role=\"tabpanel\" aria-labelledby=\"ui-id-15\" aria-hidden=\"false\"><div class=\"mkdf-accordion-content-inner\"><div class=\"wpb_text_column wpb_content_element\"><div class=\"wpb_wrapper\"><p>La Revisi\u00f3n T\u00e9cnico Mec\u00e1nica y de Emisiones Contaminantes debe realizarse en centros de diagn\u00f3stico automotor (CDA) autorizados por el Ministerio de Transporte y certificados por un ente competente (ONAC).<\/p><\/div><\/div><\/div><\/div><\/div>\n\t\t\t\t<\/div>\n\t\t\t\t\t\t\t\t<\/div>\n\t\t\t\t\t\t<\/div>\n\t\t\t\t<div class=\"elementor-element elementor-element-e5dd630 elementor-widget__width-initial elementor-widget-tablet__width-inherit elementor-widget elementor-widget-toggle\" data-id=\"e5dd630\" data-element_type=\"widget\" data-e-type=\"widget\" data-settings=\"{&quot;_animation_tablet&quot;:&quot;fadeInLeft&quot;,&quot;_animation_mobile&quot;:&quot;fadeInLeft&quot;}\" data-widget_type=\"toggle.default\">\n\t\t\t\t\t\t\t<div class=\"elementor-toggle\">\n\t\t\t\t\t\t\t<div class=\"elementor-toggle-item\">\n\t\t\t\t\t<h4 id=\"elementor-tab-title-2411\" class=\"elementor-tab-title\" data-tab=\"1\" role=\"button\" aria-controls=\"elementor-tab-content-2411\" aria-expanded=\"false\">\n\t\t\t\t\t\t\t\t\t\t\t\t<a class=\"elementor-toggle-title\" tabindex=\"0\">\u00bfQu\u00e9 documentos debo presentar en el momento de la Revisi\u00f3n T\u00e9cnico Mec\u00e1nica de mi veh\u00edculo?<\/a>\n\t\t\t\t\t<\/h4>\n\n\t\t\t\t\t<div id=\"elementor-tab-content-2411\" class=\"elementor-tab-content elementor-clearfix\" data-tab=\"1\" role=\"region\" aria-labelledby=\"elementor-tab-title-2411\"><div id=\"ui-id-18\" class=\"mkdf-accordion-content ui-accordion-content ui-corner-bottom ui-helper-reset ui-widget-content ui-accordion-content-active\" role=\"tabpanel\" aria-labelledby=\"ui-id-17\" aria-hidden=\"false\"><div class=\"mkdf-accordion-content-inner\"><div class=\"wpb_text_column wpb_content_element\"><div class=\"wpb_wrapper\"><p>Deben presentar los siguientes documentos en original: SOAT vigente y registrado en la plataforma RUNT, la matr\u00edcula del veh\u00edculo y la licencia de conducci\u00f3n.<\/p><\/div><\/div><\/div><\/div><\/div>\n\t\t\t\t<\/div>\n\t\t\t\t\t\t\t<div class=\"elementor-toggle-item\">\n\t\t\t\t\t<h4 id=\"elementor-tab-title-2412\" class=\"elementor-tab-title\" data-tab=\"2\" role=\"button\" aria-controls=\"elementor-tab-content-2412\" aria-expanded=\"false\">\n\t\t\t\t\t\t\t\t\t\t\t\t<a class=\"elementor-toggle-title\" tabindex=\"0\">\u00bfQu\u00e9 pasa si no realizo a tiempo la Revisi\u00f3n T\u00e9cnico Mec\u00e1nica y de gases de mi veh\u00edculo?<\/a>\n\t\t\t\t\t<\/h4>\n\n\t\t\t\t\t<div id=\"elementor-tab-content-2412\" class=\"elementor-tab-content elementor-clearfix\" data-tab=\"2\" role=\"region\" aria-labelledby=\"elementor-tab-title-2412\"><div id=\"ui-id-20\" class=\"mkdf-accordion-content ui-accordion-content ui-corner-bottom ui-helper-reset ui-widget-content ui-accordion-content-active\" role=\"tabpanel\" aria-labelledby=\"ui-id-19\" aria-hidden=\"false\"><div class=\"mkdf-accordion-content-inner\"><div class=\"wpb_text_column wpb_content_element\"><div class=\"wpb_wrapper\"><p>Si una autoridad de tr\u00e1nsito verifica que no tiene la Revisi\u00f3n T\u00e9cnico Mec\u00e1nica y de Emisiones Contaminantes vigente y registrada en la plataforma RUNT, puede incurrir en una multa de 15 salarios m\u00ednimos diarios legales vigentes, y que esa misma autoridad ordene la inmovilizaci\u00f3n del veh\u00edculo.<\/p><\/div><\/div><\/div><\/div><\/div>\n\t\t\t\t<\/div>\n\t\t\t\t\t\t\t<div class=\"elementor-toggle-item\">\n\t\t\t\t\t<h4 id=\"elementor-tab-title-2413\" class=\"elementor-tab-title\" data-tab=\"3\" role=\"button\" aria-controls=\"elementor-tab-content-2413\" aria-expanded=\"false\">\n\t\t\t\t\t\t\t\t\t\t\t\t<a class=\"elementor-toggle-title\" tabindex=\"0\">\u00bfQu\u00e9 procedimiento debo seguir si mi veh\u00edculo no pasa la Revisi\u00f3n T\u00e9cnico Mec\u00e1nica y de emisi\u00f3n de gases?<\/a>\n\t\t\t\t\t<\/h4>\n\n\t\t\t\t\t<div id=\"elementor-tab-content-2413\" class=\"elementor-tab-content elementor-clearfix\" data-tab=\"3\" role=\"region\" aria-labelledby=\"elementor-tab-title-2413\"><p>Si despu\u00e9s de revisar el veh\u00edculo se verifica que este no cuenta con las condiciones mec\u00e1nicas y de emisiones contaminantes aplicables seg\u00fan la normatividad vigente, debe acudir a un taller mec\u00e1nico de confianza para que all\u00ed revisen y realicen las mejoras recomendadas por el personal experto del CDA.<\/p><p>Una vez realizadas las correcciones, el veh\u00edculo debe ingresar nuevamente a las instalaciones del CDA y realizar un nuevo diagnostico en donde certifiquen que su veh\u00edculo alcanz\u00f3 las condiciones \u00f3ptimas de funcionamiento para obtener el certificado.<\/p><\/div>\n\t\t\t\t<\/div>\n\t\t\t\t\t\t\t<div class=\"elementor-toggle-item\">\n\t\t\t\t\t<h4 id=\"elementor-tab-title-2414\" class=\"elementor-tab-title\" data-tab=\"4\" role=\"button\" aria-controls=\"elementor-tab-content-2414\" aria-expanded=\"false\">\n\t\t\t\t\t\t\t\t\t\t\t\t<a class=\"elementor-toggle-title\" tabindex=\"0\">\u00bfTengo que pagar nuevamente  si mi veh\u00edculo sale reprobado?<\/a>\n\t\t\t\t\t<\/h4>\n\n\t\t\t\t\t<div id=\"elementor-tab-content-2414\" class=\"elementor-tab-content elementor-clearfix\" data-tab=\"4\" role=\"region\" aria-labelledby=\"elementor-tab-title-2414\"><p>Desde el pasado 22 de Agosto de 2016, est\u00e1 operando el Sistema de Control y Vigilancia SICOV, estipulado por el Gobierno Nacional, en cabeza del Ministerio de Transporte.<\/p><p>Si su veh\u00edculo fue rechazado, cuenta con 15 d\u00edas calendario para subsanar los defectos encontrados, la segunda Revisi\u00f3n no tendr\u00e1 costo, pero en la tercera Revisi\u00f3n si tendr\u00e1 costo, igual como si acudiera la primera vez.<\/p><\/div>\n\t\t\t\t<\/div>\n\t\t\t\t\t\t\t<div class=\"elementor-toggle-item\">\n\t\t\t\t\t<h4 id=\"elementor-tab-title-2415\" class=\"elementor-tab-title\" data-tab=\"5\" role=\"button\" aria-controls=\"elementor-tab-content-2415\" aria-expanded=\"false\">\n\t\t\t\t\t\t\t\t\t\t\t\t<a class=\"elementor-toggle-title\" tabindex=\"0\">\u00bfLa Revisi\u00f3n T\u00e9cnico Mec\u00e1nica  y de Emisiones Contaminantes es s\u00f3lo v\u00e1lida en la ciudad donde realic\u00e9 este procedimiento?<\/a>\n\t\t\t\t\t<\/h4>\n\n\t\t\t\t\t<div id=\"elementor-tab-content-2415\" class=\"elementor-tab-content elementor-clearfix\" data-tab=\"5\" role=\"region\" aria-labelledby=\"elementor-tab-title-2415\"><div id=\"ui-id-26\" class=\"mkdf-accordion-content ui-accordion-content ui-corner-bottom ui-helper-reset ui-widget-content ui-accordion-content-active\" role=\"tabpanel\" aria-labelledby=\"ui-id-25\" aria-hidden=\"false\"><div class=\"mkdf-accordion-content-inner\"><div class=\"wpb_text_column wpb_content_element\"><div class=\"wpb_wrapper\"><p>No. La Revisi\u00f3n T\u00e9cnico Mec\u00e1nica es v\u00e1lida en todo el territorio nacional.<\/p><\/div><\/div><\/div><\/div><\/div>\n\t\t\t\t<\/div>\n\t\t\t\t\t\t\t<div class=\"elementor-toggle-item\">\n\t\t\t\t\t<h4 id=\"elementor-tab-title-2416\" class=\"elementor-tab-title\" data-tab=\"6\" role=\"button\" aria-controls=\"elementor-tab-content-2416\" aria-expanded=\"false\">\n\t\t\t\t\t\t\t\t\t\t\t\t<a class=\"elementor-toggle-title\" tabindex=\"0\">\u00bfEl portar el certificado  de Revisi\u00f3n T\u00e9cnico Mec\u00e1nica  y de Emisiones Contaminantes es sufuciente para determinar que mi carro o moto est\u00e1 en buenas condiciones?<\/a>\n\t\t\t\t\t<\/h4>\n\n\t\t\t\t\t<div id=\"elementor-tab-content-2416\" class=\"elementor-tab-content elementor-clearfix\" data-tab=\"6\" role=\"region\" aria-labelledby=\"elementor-tab-title-2416\"><div id=\"ui-id-28\" class=\"mkdf-accordion-content ui-accordion-content ui-corner-bottom ui-helper-reset ui-widget-content ui-accordion-content-active\" role=\"tabpanel\" aria-labelledby=\"ui-id-27\" aria-hidden=\"false\"><div class=\"mkdf-accordion-content-inner\"><div class=\"wpb_text_column wpb_content_element\"><div class=\"wpb_wrapper\"><p>NO. Seg\u00fan el Art\u00edculo 50 del Cap\u00edtulo VIII del c\u00f3digo nacional de tr\u00e1nsito terrestre o ley 769 de 2002, \u201cel propietario o tenedor del veh\u00edculo de placas nacionales o extranjeras, que transite por el territorio nacional, tendr\u00e1 la obligaci\u00f3n de mantenerlo en \u00f3ptimas condiciones mec\u00e1nicas y de seguridad.\u201d Se recomienda que aun con el certificado de la revisi\u00f3n t\u00e9cnico mec\u00e1nica y de emisiones contaminantes se debe realizar una revisi\u00f3n peri\u00f3dica del veh\u00edculo una o dos veces a la semana verificando el estado de las llantas, el motor, los niveles de l\u00edquido de frenos y agua, entre otras condiciones.<\/p><\/div><\/div><\/div><\/div><\/div>\n\t\t\t\t<\/div>\n\t\t\t\t\t\t\t<div class=\"elementor-toggle-item\">\n\t\t\t\t\t<h4 id=\"elementor-tab-title-2417\" class=\"elementor-tab-title\" data-tab=\"7\" role=\"button\" aria-controls=\"elementor-tab-content-2417\" aria-expanded=\"false\">\n\t\t\t\t\t\t\t\t\t\t\t\t<a class=\"elementor-toggle-title\" tabindex=\"0\">\u00bfEs posible realizar la Revisi\u00f3n T\u00e9cnico Mec\u00e1nica y de Emisiones Contaminanyes con la fotocopua de la licencia de tr\u00e1nsito (matr\u00edcula) y SOAT?<\/a>\n\t\t\t\t\t<\/h4>\n\n\t\t\t\t\t<div id=\"elementor-tab-content-2417\" class=\"elementor-tab-content elementor-clearfix\" data-tab=\"7\" role=\"region\" aria-labelledby=\"elementor-tab-title-2417\"><div id=\"ui-id-30\" class=\"mkdf-accordion-content ui-accordion-content ui-corner-bottom ui-helper-reset ui-widget-content ui-accordion-content-active\" role=\"tabpanel\" aria-labelledby=\"ui-id-29\" aria-hidden=\"false\"><div class=\"mkdf-accordion-content-inner\"><div class=\"wpb_text_column wpb_content_element\"><div class=\"wpb_wrapper\"><p>Si, es posible realizar la revisi\u00f3n t\u00e9cnica mec\u00e1nica y emisiones contaminantes con la fotocopia de los documentos, siempre y cuando se presente la denuncia por p\u00e9rdida o robo donde se especifique claramente la placa del veh\u00edculo y los documentos del veh\u00edculo extraviados.<\/p><\/div><\/div><\/div><\/div><\/div>\n\t\t\t\t<\/div>\n\t\t\t\t\t\t\t<div class=\"elementor-toggle-item\">\n\t\t\t\t\t<h4 id=\"elementor-tab-title-2418\" class=\"elementor-tab-title\" data-tab=\"8\" role=\"button\" aria-controls=\"elementor-tab-content-2418\" aria-expanded=\"false\">\n\t\t\t\t\t\t\t\t\t\t\t\t<a class=\"elementor-toggle-title\" tabindex=\"0\">\u00bfCu\u00e1les son los requisitos para solicitar un duplicado de la Revisi\u00f3n T\u00e9cnico Mec\u00e1nica  y de Emisiones Contaminantes?<\/a>\n\t\t\t\t\t<\/h4>\n\n\t\t\t\t\t<div id=\"elementor-tab-content-2418\" class=\"elementor-tab-content elementor-clearfix\" data-tab=\"8\" role=\"region\" aria-labelledby=\"elementor-tab-title-2418\"><p>Inicialmente se debe dirigir al CDA en el cual realiz\u00f3 la Revisi\u00f3n T\u00e9cnico Mec\u00e1nica y de Emisiones Contaminantes, presentar la denuncia donde especifique claramente la p\u00e9rdida o robo del documento y la placa del veh\u00edculo, posteriormente ser\u00e1 diligenciado un formato especificando las razones por las cuales se solicita el duplicado, seguidamente debe cancelar el valor estipulado para ello por parte del CDA.<\/p><p>En caso de deterioro del documento original, basta con presentar el certificado a reemplazar y despu\u00e9s de diligenciado el formato antes mencionado se proceder\u00e1 a cancelar el valor correspondiente a dicho tr\u00e1mite.<\/p><\/div>\n\t\t\t\t<\/div>\n\t\t\t\t\t\t\t\t<\/div>\n\t\t\t\t\t\t<\/div>\n\t\t\t\t<\/div>\n\t\t\t\t\t<\/div>\n\t\t\t\t<\/div>\n\t\t\t\t<\/div>\n\t\t","protected":false},"excerpt":{"rendered":"<p>Preguntas frecuentes \u00bfEn qu\u00e9 consiste la Revisi\u00f3n T\u00e9cnico Mec\u00e1nica de un veh\u00edculo? Es un procedimiento obligatorio que exigen las autoridades de tr\u00e1nsito y ambientales para conocer el estado de los veh\u00edculos que circulan por el pa\u00eds y que cumplan las condiciones mec\u00e1nicas y ambientales \u00f3ptimas que minimicen los riesgos de accidentes y la contaminaci\u00f3n ambiental. [&hellip;]<\/p>\n","protected":false},"author":1,"featured_media":0,"parent":0,"menu_order":0,"comment_status":"closed","ping_status":"closed","template":"","meta":{"footnotes":""},"class_list":["post-7","page","type-page","status-publish","hentry"],"_links":{"self":[{"href":"https:\/\/cdaprado.com\/nuevo_sitio_cda_pruebas\/wp-json\/wp\/v2\/pages\/7","targetHints":{"allow":["GET"]}}],"collection":[{"href":"https:\/\/cdaprado.com\/nuevo_sitio_cda_pruebas\/wp-json\/wp\/v2\/pages"}],"about":[{"href":"https:\/\/cdaprado.com\/nuevo_sitio_cda_pruebas\/wp-json\/wp\/v2\/types\/page"}],"author":[{"embeddable":true,"href":"https:\/\/cdaprado.com\/nuevo_sitio_cda_pruebas\/wp-json\/wp\/v2\/users\/1"}],"replies":[{"embeddable":true,"href":"https:\/\/cdaprado.com\/nuevo_sitio_cda_pruebas\/wp-json\/wp\/v2\/comments?post=7"}],"version-history":[{"count":92,"href":"https:\/\/cdaprado.com\/nuevo_sitio_cda_pruebas\/wp-json\/wp\/v2\/pages\/7\/revisions"}],"predecessor-version":[{"id":1859,"href":"https:\/\/cdaprado.com\/nuevo_sitio_cda_pruebas\/wp-json\/wp\/v2\/pages\/7\/revisions\/1859"}],"wp:attachment":[{"href":"https:\/\/cdaprado.com\/nuevo_sitio_cda_pruebas\/wp-json\/wp\/v2\/media?parent=7"}],"curies":[{"name":"wp","href":"https:\/\/api.w.org\/{rel}","templated":true}]}}